is y(16)?
29
Let w(m) = 5*m - 10. What is w(4)?
10
Let c(j) = -2*j**2 - 28*j - 52. Calculate c(-11).
14
Let y(l) = -10*l - 9. Give y(-12).
111
Let u(f) = -f**2 - 19*f + 8. Give u(-20).
-12
Let q(u) = -18*u - 10. Calculate q(-7).
116
Let l(r) = r**2 - 2*r + 4. Calculate l(0).
4
Let p(j) = j**3 + j**2 + 1. What is p(3)?
37
Let a(d) = d**2 - 3*d - 20. Determine a(-7).
50
Let z(m) = -m**3 - m**2 + 4. Calculate z(-3).
22
Let r(j) = j**2 + 18*j + 2. Calculate r(-16).
-30
Let g(q) = 9*q**2 + 2*q + 1. What is g(-1)?
8
Let b(k) = -k**2 - 6*k + 3. Calculate b(-5).
8
Let h(j) = -j**2 + 46*j - 269. Determine h(39).
4
Let c(y) = -5*y + 71. Give c(16).
-9
Let g(m) = -m**3 - 12*m**2 - 9*m + 10. Determine g(-11).
-12
Let q(v) = -4*v - 15. What is q(-5)?
5
Let w(z) = -4*z**2 - z - 3. What is w(2)?
-21
Let y(p) = -2*p - 28. What is y(-14)?
0
Let m(u) = u + 8. Determine m(-8).
0
Let m(f) = 5*f**2 - 3*f - 2. What is m(-1)?
6
Let z(q) = -q**2 + 17*q - 21. What is z(12)?
39
Let j(p) = -21*p + 528. What is j(25)?
3
Let j(f) = 2*f + 13. What is j(0)?
13
Let h(y) = -5*y**2 - 4*y - 19. What is h(-3)?
-52
Let q(d) = -14*d**3 + 3*d**2 + d - 3. Give q(1).
-13
Let j(v) = 16*v**2 - 97*v. Give j(6).
-6
Let b(t) = -2*t - 8. Give b(-2).
-4
Let u(k) = 5*k - 3. Give u(1).
2
Let c(i) = 5*i - 3. Determine c(0).
-3
Let j(v) = 81*v**2 - 1. What is j(1)?
80
Let w(l) = 61*l + 1040. Give w(-17).
3
Let m(o) = -o**2 - o + 3. What is m(0)?
3
Let q(n) = -n**3 + 5*n**2 + 3*n - 5. Determine q(5).
10
Let k(m) = m**3 - 5*m**2 - 10*m + 10. Determine k(7).
38
Let b(v) = -v + 24. What is b(10)?
14
Let u(d) = 15*d + 28. Give u(-2).
-2
Let n(x) = -x**3 - 6*x**2 - 6*x - 4. Determine n(-5).
1
Let y(s) = -2*s**2 + 12*s + 22. Give y(10).
-58
Let f(t) = -t**3 + 6*t**2 - t - 7. What is f(6)?
-13
Let q(j) = -9*j + 7. Give q(2).
-11
Let o(h) = -5*h + 37. Calculate o(7).
2
Let f(t) = -16*t + 12. Calculate f(3).
-36
Let v(p) = -p**2 + 7. Give v(4).
-9
Let p(g) = 16*g. What is p(2)?
32
Let s(p) = -p**3 + 11*p**2 + p - 2. Calculate s(11).
9
Let n(v) = v**3 + 5*v**2 + 6*v + 12. Give n(-3).
12
Let o(d) = 21*d + 19. Calculate o(-5).
-86
Let h(l) = 2*l**3 + 29*l**2 + 16*l + 14. Determine h(-14).
-14
Let l(f) = -5*f**3 - 5*f**2 - 4*f. Give l(-2).
28
Let b(k) = k**3 - 33*k**2 - 71*k + 41. Determine b(35).
6
Let m(b) = -25*b - 544. What is m(-22)?
6
Let m(j) = j**2 + 2*j + 3. Determine m(2).
11
Let i(n) = -n**3 + 4*n**2 + 4*n + 5. Calculate i(5).
0
Let w(j) = -j**2 + 2. What is w(8)?
-62
Let w(n) = -n**3 + n**2 + 5*n - 2. Calculate w(4).
-30
Let s(c) = -7*c - 3. Calculate s(2).
-17
Let d(c) = -c**3 + 9*c**2 - 3*c + 2. Calculate d(8).
42
Let r(q) = 15*q**2 + 13*q - 31. Calculate r(2).
55
Let k(u) = 4*u - 11. Give k(5).
9
Let y(d) = 4*d + 15. What is y(3)?
27
Let g(f) = f**2 + 2*f - 1. Calculate g(-5).
14
Let n(u) = u**3 + 11*u**2 - 27*u - 12. Calculate n(-13).
1
Let h(j) = j**3 - 7*j**2 + 7*j - 4. What is h(6)?
2
Let t(j) = -j**2 - 23*j - 122. Give t(-15).
-2
Let o(c) = -c**2 + 2*c + 4. Determine o(-4).
-20
Let s(b) = b**2 - 2*b. Determine s(5).
15
Let u(y) = -y**3 + 6*y**2 + 4*y - 7. Calculate u(6).
17
Let k(n) = -n**3 - 3*n**2 - 2*n. Determine k(-3).
6
Let j(h) = -2*h - 24. What is j(-12)?
0
Let u(n) = n**3 - 12*n**2 - 14*n - 17. Determine u(13).
-30
Let o(a) = 3*a**2 - 42*a - 6. Give o(14).
-6
Let y(i) = i**3 - i**2 - 6*i + 1. Calculate y(3).
1
Let v(k) = k**3 - 2*k**2 - 4*k. Give v(-3).
-33
Let d(y) = 2*y**2 - 4*y - 4. Calculate d(5).
26
Let q(t) = -4*t**2 - 6*t + 1. What is q(1)?
-9
Let q(i) = i**3 - 3*i**2 - 3*i - 37. Determine q(5).
-2
Let b(d) = -d**3 - 9*d**2 - 11*d - 7. Determine b(-8).
17
Let i(n) = -n**2 - 12*n - 36. Give i(-11).
-25
Let m(a) = -a + 1. Give m(-2).
3
Let f(y) = -27*y**3 - 2*y**2 - 5*y - 4. Determine f(-1).
26
Let b(v) = v**3 - 2*v**2 - v. What is b(5)?
70
Let i(t) = 3*t**2 + t - 2. Calculate i(-4).
42
Let v(o) = o**3 + 4*o**2 - 3*o - 5. Determine v(-4).
7
Let o(l) = -l**2 - 15*l + 55. Calculate o(-17).
21
Let j(z) = z**2 - 3*z + 1. Determine j(3).
1
Let i(w) = -w**2 - 9*w - 14. Give i(-8).
-6
Let d(a) = -2*a**2 - 8*a + 59. Calculate d(-8).
-5
Let q(a) = -3*a + 7. Give q(7).
-14
Let u(i) = i**3 + 9*i**2 - 11*i + 5. What is u(-10)?
15
Let k(p) = -2*p**2 + 10*p. What is k(7)?
-28
Let d(f) = -f**2 + 6*f - 3. Give d(4).
5
Let f(y) = 15*y**3 + 2*y**2 - 2*y - 3. What is f(-1)?
-14
Let p(u) = -u**2 - 5*u - 10. What is p(-5)?
-10
Let y(k) = k**3 - 13*k**2 - 2*k - 23. Calculate y(13).
-49
Let i(q) = 2*q**2 + 68*q - 2. Give i(-34).
-2
Let n(o) = -o**3 + 8*o**2 + 16*o + 8. What is n(7)?
169
Let g(p) = -p**3 - 13*p**2 - 12*p + 11. What is g(-12)?
11
Let t(s) = -s**3 + 12*s**2 - 14*s + 21. Give t(11).
-12
Let a(y) = 14*y + 205. What is a(-15)?
-5
Let h(m) = -2*m**2 + 16*m - 2. Determine h(6).
22
Let f(d) = d**3 + 12*d**2 + 20*d + 8. Determine f(-10).
8
Let k(a) = a**2 - 5*a + 49. Calculate k(-8).
153
Let l(r) = -4*r**2 - r + 1. Determine l(-2).
-13
Let r(h) = -6*h**2 - 6*h + 7. Calculate r(1).
-5
Let r(s) = s**3 + 5*s**2 + 2*s + 5. Calculate r(-4).
13
Let m(o) = o + 24. What is m(-11)?
13
Let r(o) = 16*o + 36. What is r(-3)?
-12
Let x(t) = -t**2 + 10*t + 13. Determine x(11).
2
Let j(l) = -l**2 + 3*l - 8. Give j(5).
-18
Let v(k) = k**3 + 34*k**2 + 2*k + 65. What is v(-34)?
-3
Let c(x) = -x**3 - 6*x**2 - 7*x - 10. What is c(-4)?
-14
Let f(x) = x**3 - 14*x**2 + x - 12. What is f(14)?
2
Let s(a) = -2*a - 17. Give s(-10).
3
Let b(r) = r**3 + 4*r**2 - 3*r - 21. Give b(-4).
-9
Let a(p) = 2*p - 15. What is a(6)?
-3
Let v(z) = -z**2 - 3*z - 5. Give v(-4).
-9
Let i(s) = -s + 2. Determine i(4).
-2
Let h(j) = -11*j + 298. Determine h(29).
-21
Let g(v) = -19*v - 17. Determine g(4).
-93
Let w(h) = -5*h + 46. Give w(10).
-4
Let r(c) = 2*c**2 + 8*c - 3. What is r(-4)?
-3
Let o(c) = -4*c**2 - 30*c + 10. What is o(-8)?
-6
Let g(x) = -34*x**3 + 2*x**2 - 6*x + 5. Give g(1).
-33
Let y(n) = n**3 - 7*n**2 - 31*n + 187. Give y(8).
3
Let f(k) = 3*k + 17. Calculate f(-5).
2
Let c(i) = -i**3 - 13*i**2 + i + 12. Calculate c(-13).
-1
Let v(w) = w**2 - 6*w + 1. Determine v(6).
1
Let v(k) = -k**2 + 7*k + 8. Give v(6).
14
Let c(y) = -10*y**3 - 2*y + 1. Calculate c(1).
-11
Let s(w) = -2*w**3 - 9*w**2 - 8*w - 4. What is s(-3)?
-7
Let g(s) = s**2 - 8*s - 9. Give g(8).
-9
Let m(u) = u**2 - 5*u + 5. Determine m(2).
-1
Let a(u) = -4*u**2 - u + 1. Calculate a(1).
-4
Let o(t) = -2*t + 35. Calculate o(16).
3
Let k(s) = -2*s**2 + 4*s - 9. Determine k(2).
-9
Let h(i) = i**3 - 12*i**2 - i - 13. What is h(0)?
-13
Let g(n) = -2*n**2 - 48*n + 68. Calculate g(-24).
68
Let q(n) = -n**2 - 9*n - 1. Determine q(-10).
-11
Let a(q) = -2*q**2 + 5*q + 32. Give a(5).
7
Let l(k) = 3*k - 66. Calculate l(27).
15
Let d(o) = o**3 + 5*o**2 - 2*o + 13. What is d(-6)?
-11
Let t(w) = -35*w + 41. Give t(1).
6
Let h(w) = 15*w + 1. What is h(-2)?
-29
Let k(o) = 2*o - 19. Determine k(15).
11
Let d(i) = -3*i + 12. What is d(8)?
-12
Let c(d) = -5*d**2 + 9*d + 14. What is c(3)?
-4
Let v(g) = g**2 - g - 9. Calculate v(5).
11
Let w(a) = a**3 - 13*a**2 + a - 1. Calculate w(13).
12
Let y(b) = b + 14. What is y(-18)?
-4
Let r(q) = q**3 + 2*q**2 - 3*q - 5. Give r(-3).
-5
Let o(b) = 9*b + 29. What is o(-4)?
-7
Let f(x) = -2*x - 19. Determine f(-13).
7
Let y(b) = 16*b + 4. Give y(7).
116
Let j(s) = -3*s + 107. What is j(30)?
17
Let z(o) = -o - 4. Determine z(0).
-4
Let n(r) = -r**2 + r + 25. What is n(5)?
5
Let k(z) = 7*z - 11. Determine k(4).
17
Let f(y) = -10*y. Give f(-5).
50
Let o(u) = -u**3 + 4*u**2 + 8*u - 6. Calculate o(6).
-30
Let v(p) = -p**3 + 19*p**2 + 19*p + 20. Give v(20).
0
Let v(w) = -w**3 - 9*w**2 + 13*w + 23. Give v(-10).
-7
Let z(m) = m + 7. Give z(3).
10
Let i(n) = n**3 + 9*n**2 + 2*n - 7. What is i(-9)?
-25
Let r(a) = -2*a**3 - 6*a**2 + 8*a - 5. Calculate r(3).
-89
Let v(o) = -11*o. Give v(2).
-22
Let s(n) = 5*n + 7. Determine s(6).
37
Let h(j) = 45*j**2 - 7*j + 6. Determine h(1).
44
Let z(m) = 3*m**2 + 28*m - 70. Give z(-11).
-15
Let d(u) = -u + 37. Calculate d(0).
37
Let f(y) = -7*y**2 - y. Give f(1).
-8
Let j(f) = -f**3 - 14*f**2 - 15*f - 8. Calculate j(-13).
18
Let f(s) = -2*s - 12. Calculate f(-5).
-2
Let y(c) = 5*c + 16. What is y(-5)?
-9
Let k(n) = -n**2 + 7*n + 7. Give k(7).
7
Let p(g) = g**3 + 35*g**2 + 125*g + 34. What is p(-31)?
3
Let t(y) = y + 2.